 -25). Give w(p).
4
Let g(a) be the second derivative of 0 - 185*a + 0*a**2 - 1/6*a**3. Determine g(-2).
2
Let b(x) = -177*x - 21. Let a(g) = 88*g. Let q(p) = 2*a(p) + b(p). What is q(-6)?
-15
Let r(m) = -m**2 + 12*m - 21. Let y be r(3). Let x(b) = -b**2 + b + 2. Let j(i) = 6*i**3 + 7*i**2 - 8*i - 12. Let w(q) = y*x(q) + j(q). Determine w(1).
5
Let w(n) = -n**3 - 7*n**2 - 6*n. Let b be w(-6). Let m(i) = 4*i - 8. Let j(u) = u. Let q(a) = 5*j(a) - m(a). What is q(b)?
8
Let v(j) be the first derivative of 4*j**2 + 134*j + 1894. What is v(-15)?
14
Let t(l) = -l**3 + l**2 + l + 1. Let z(m) be the first derivative of 14/3*m**3 + 30*m + 1/4*m**4 + 23 - 13/2*m**2. Let o be z(-15). Give t(o).
1
Let g(q) = -q. Let d(t) = 10*t**2 - 60*t. Suppose 4*m = 3*w - 3 - 1, -4*w - 2 = 2*m. Let j(c) = m*d(c) + 60*g(c). Let r = 117 - 118. Calculate j(r).
-10
Let g = -154 + 156. Let l(r) = -78*r**2 + 160*r**g - 7*r - 2*r**3 - 76*r**2 + 4 + r**3. Calculate l(4).
8
Let l(u) be the second derivative of u**5/10 - 41*u**4/12 + 11*u**3/3 - 17*u**2/2 - 4873*u. What is l(20)?
23
Let w = 0 - 2. Let i be 8 + (3 + -6)*w/3. Let x(d) = -1 + 8*d + 0*d - i*d. Give x(1).
-3
Let o(b) = 0*b**2 - 252*b + 595*b - b**2 - 1 - 344*b - 19*b**3. Let q(w) = -w**3 + 6*w**2 - 5*w - 1. Let l be q(5). Determine o(l).
18
Let p be -102*20/120 + 26. Let x(v) = v**3 - 10*v**2 + 5*v + 2. Determine x(p).
-34
Let p(h) be the third derivative of -h**6/120 + h**5/15 - h**4/12 + 5*h**2. Suppose -4*b + 1 + 3 = 0. Let g be (8/b - 4) + 0. What is p(g)?
-8
Suppose 0 = -23*l + 26*l - 6. Let g(b) = -3 + 3*b**l + 0 + b**2 - 3*b**2. Let n be 1/4 - 22/(-8). Give g(n).
6
Let k(b) = b**2 + b - 1. Let s(w) = -17*w**2 + 2*w - 3. Let c(a) = 2*k(a) - s(a). Let x = 482874 - 482875. What is c(x)?
20
Let g(v) = -v**2 - v + 2. Suppose -3 = -3*o + a, -5*a - 15 = 4*o - o. Suppose -n + 6*n = o. Determine g(n).
2
Let a(c) = -c - 11. Let o = -202 - -205. Suppose -7*r = -o*r + 56. Determine a(r).
3
Suppose -8 = -2*s, s + 84 = -10*y - 3*s. Let d(f) = f + 20. Give d(y).
10
Let n be (136/12)/(6/27*-3). Let x be (-1)/2 + (n/(-2) - 6). Let y(w) = -10*w + 3*w**2 - 8 + w + 4 - 2*w**x. Give y(8).
-12
Let y(d) = 8037*d - 264. Let f(m) = 974*m - 33. Let i(g) = 33*f(g) - 4*y(g). Give i(-5).
-3
Let s(g) be the first derivative of -g**2/2 - 8*g - 496. Let z = 21 - 35. Calculate s(z).
6
Let b(d) = 1. Let n(q) = -3*q - 12. Let h(f) = 4*b(f) + n(f). Let s(o) = -o**2 - 41*o + 630. Let w be s(-53). Give h(w).
10
Let s(c) = 791*c**2 - c + 774*c**2 - 1584*c**2 + c. Determine s(1).
-19
Let w(t) = -42*t + 161. Let a(f) = 21*f - 83. Let g(b) = -9*a(b) - 5*w(b). Give g(3).
5
Let s(u) = u**3 + 5*u**2 - 6*u + 2. Let b(r) = -9*r**2 - 86*r + 34. Let h be b(-10). What is s(h)?
2
Suppose -i + 0*v = -v + 6, 0 = i + v + 8. Let q(z) be the first derivative of -z**3/3 - 2*z**2 - 5*z + 217. Calculate q(i).
-26
Let t(c) = -c**2 + 11*c - 7. Let u = 791 - 779. Let x be (14 - u)/(-4 + (-92)/(-22)). What is t(x)?
-7
Let x = -146 + 202. Let v(t) = x*t - 4 + 2*t**2 - 55*t - 7*t**2 + 6*t**2. What is v(-3)?
2
Let s(j) = 11*j + 71. Let k be 7/4 - (-2852)/(-368). Determine s(k).
5
Let p(f) be the second derivative of -4*f**3/3 + f**2/2 + 5194*f - 2. Calculate p(-3).
25
Suppose -32*m - 76 = 20. Let a(x) = x + 4. Let o be a(m). Let g(j) = -6*j + 1. Calculate g(o).
-5
Let q(b) = -5*b**2 - 9*b + 3. Suppose -3*w = -15, 0 = -103*p + 102*p - 4*w + 18. Calculate q(p).
1
Let b(h) = h + 27*h**2 - 14*h**2 - 15*h**2 + 146 - 140. Calculate b(-2).
-4
Let f(l) = -5*l - 1. Let v be 5*-1 + (5 + -3)/2. Let s be (1*(0 - 2))/(10/40). Let w = v - s. Give f(w).
-21
Let r(n) = -n**2 - 1. Let j = -59 - -63. Let w(i) = -i**3 - 9*i**2 + 6*i - 12. Let x(t) = j*r(t) - w(t). Suppose -h = -3*h - 12. Give x(h).
8
Let h(u) = -8*u**3 - 5*u**2 - 12*u - 10. Let n be h(-2). Let l(z) = -4 - 21*z + 7 + n*z - 32*z + 7. Give l(-5).
-15
Let n(l) = l**3 - l**2 + l - 14. Let z(r) = -r**3 - 12*r**2 + 11*r + 2. Let p = -190 + 191. Let y be z(p). Calculate n(y).
-14
Suppose 22*l + 140 = 42*l. Let t(o) = -5*o**2 - 10*o - 9. Let h(d) = 2*d**2 + 3*d + 3. Let k be (3 + 5)/(2/(-2)). Let j(q) = k*h(q) - 3*t(q). Calculate j(l).
-4
Let t be 10/(-2) + (-45)/(-3). Let a(d) = -2 - 5 - d + t - 2. What is a(2)?
-1
Let q(h) = h**3 - 10*h**2 - 3*h - 13. Let b(i) be the third derivative of i**4/24 + 3*i**3/2 + 125*i**2. Let c be b(1). What is q(c)?
-43
Suppose -16 + 2 = -k. Suppose -2*a = -0*a - k. Let u(i) = 8*i - 326 - i**2 + 941 - 324 - 296. What is u(a)?
2
Let c(z) be the first derivative of 2*z**3/3 + 2*z**2 - 3*z + 695. Suppose x + 7 = -d, x - 5*d = 5 + 6. Determine c(x).
13
Let r(n) = -n**3 - 7*n**2 + 6*n + 10. Suppose 13*y + 4*x - 337 = 10*y, y + 2*x - 115 = 0. Suppose 29 = -17*i - y. Give r(i).
26
Let v(g) = -6*g - 3. Suppose -100*x = -235 - 265. Determine v(x).
-33
Suppose 10*b = -65 + 405. Let i(h) = 40*h + b*h - 116*h + 10 + 41*h. Calculate i(6).
4
Let l be (-1 - 0) + -9 + 13. Let u(h) = 9 - 2*h - 14 + 14. Give u(l).
3
Let i(z) = -z**3 + 3*z**2 - 2*z + 1. Let c(h) = -49*h**3 + 16*h**2 - 10*h + 5. Let j(g) = c(g) - 5*i(g). What is j(-1)?
45
Let b(l) be the first derivative of -3*l**2/2 - 14*l + 1163. Give b(-6).
4
Let g(h) = -2*h**2 - h. Let r = -250 + 252. Let i(q) = 3*q**2 - 7*q - 5. Let b(n) = r*g(n) + i(n). Calculate b(-8).
3
Let f(d) = 26*d + 7 - d**2 + 20*d - 47*d. Let n(u) = u**2 + 9*u + 18. Let w be n(-3). Calculate f(w).
7
Let r(v) = 3*v**2 - 1. Let y(s) = s**3 + 9*s**2 - 11*s - 10. Let a be y(-10). Suppose -11*g + 0*g = -11. Let w = g + a. What is r(w)?
2
Let n(y) = -y - 7. Let f(v) = -4*v - 4. Let s be f(-5). Suppose -2*a + 96 - s = -5*o, 0 = 3*a + 5*o - 145. Let b be a/(1*-3)*4/12. Give n(b).
-2
Let u(x) be the second derivative of -x**4/12 - 19*x**3/6 - 17*x**2/2 - 2541*x. What is u(-20)?
-37
Let i(v) be the first derivative of 1/12*v**4 - 29*v + 26 + v**3 - 3/2*v**2. Let n(m) be the first derivative of i(m). Calculate n(-7).
4
Let n(y) = -y**3 + 7*y**2 + 3*y - 9. Suppose -4*p = -3*c + 5, -p + 7 = -c + 10. What is n(c)?
12
Let t(p) = 5*p - 1. Let r = -20 - -25. Let k(j) = -2 - r*j - 114*j**3 + 112*j**3 + j + 9*j**2. Let d be k(4). Give t(d).
-11
Let g = 1 + -6. Let x(v) be the first derivative of v**3/3 + 4*v**2 + 7*v - 125. What is x(g)?
-8
Let x be (-3 + (-715)/20)*4. Let v = 161 + x. Let n(k) = -k**3 + 6*k**2 + k - 4. Give n(v).
2
Let r = -17 - -10. Let i be (-20)/((-70)/r) - (-9)/1. Let n(l) = -l**2 + 3*l + 16. Give n(i).
-12
Suppose 0 = 11*i - 18 - 15. Let u be -3 - (-1 - i) - -20. Suppose -5*l - 6*s = -s - 25, 4*l = -3*s + u. Let k(m) = -m + 11. Give k(l).
5
Let a(o) be the second derivative of -o**5/20 + 17*o**4/4 - o**3/2 + 75*o**2 + 7*o - 7. Let u be a(51). Let j(k) = 3*k**2 + 1. Determine j(u).
28
Let q(l) = 6*l. Let v = 17 - 14. Suppose -5*u + 3*w + 95 = 0, w + 79 = 4*u - 2*w. Suppose 4*f - u = -5*g, -2*f + v = -f + g. Calculate q(f).
-6
Suppose -2*k + 5*n = 10, -2*n + 4 = 977*k - 974*k. Let z(j) = j**2 + 6*j - 4. Give z(k).
-4
Let x(w) = w**3 + 6*w**2 - 7*w - 7. Let s be 1 - (8 - 2) - 3. Let j be ((-4845)/(-76))/(3/s). Let q be 4 + j/15 + (-2)/(-6). Calculate x(q).
-7
Let u be 1/(-1) + 0 + 1. Let b(r) be the third derivative of -r**6/120 - r**5/60 - 19*r**3/6 + 2577*r**2. Determine b(u).
-19
Let q(n) = -18*n + 38*n - 4 - 8*n - 11*n. What is q(3)?
-1
Suppose 432*p + 3 = 435*p. Let s be (-3)/(-3)*-9*p + 5. Let f(h) = -h**2 + 5. Determine f(s).
-11
Let l(g) be the third derivative of g**4/4 - 14*g**3/3 - 2*g**2 + 998*g. Determine l(7).
14
Let a(f) = -f**3 - 12*f**2 + 16*f + 7. Let c(d) = d**3 + 10*d**2 - 15*d - 6. Let y(n) = -5*a(n) - 6*c(n). Let o(q) = -q + 9. Let p be o(6). Give y(p).
4
Let a = 440366 - 440365. Let t(v) be the third derivative of v**6/120 - v**5/60 + v**4/24 + v**2. Determine t(a).
1
Let r be (-4 - -4)*(10 + (-496)/48). Let m(p) = -7*p. What is m(r)?
0
Let g(s) = -s**2 - 51*s - 223. Let b be g(-46). Let w(d) = d**2 + 6*d + 8. Let j(m) = -m**2 - 2*m**2 + 7*m**2 - 3*m**2. Let y(h) = -2*j(h) + w(h). What is y(b)?
1
Let y(v) = v**3 - 5*v**2 + 1. Suppose 181*u = -217*u + 796. Calculate y(u).
-11
Let y(w) = -w**2 + 8*w - 11. Let l be y(4). Let z be 1*(-3)/12 - (-122)/8. Let q(k) = -z - k + l*k + 11 + k**3 + 7*k**2. What is q(-6)?
8
Let c(j) = 189*j**2 - 47*j + 105. Let o(u) = 265*u**2 -